ivisor of v and 63.
63
Suppose -17*v = -3*o - 16*v - 1796, 3*o + 1776 = -3*v. Let w = o - -621. Calculate the highest common factor of w and 6.
6
Let w be (-12*(3 + 11))/(6/(-1251)). Calculate the highest common divisor of w and 139.
139
Suppose -18*p + 37909 + 170527 = 44006. Calculate the highest common factor of 63 and p.
63
Suppose 17*y - 13*y = 0. Suppose y = -p - 0*p + 76. Let b = 28 - -10. What is the greatest common divisor of p and b?
38
Suppose -l - 8 = -3, -l - 21 = 2*q. Let t be (0 - 300)*q/12. Suppose n = -5*b + 4*b + 44, 2*n + t = 4*b. Calculate the highest common divisor of 12 and b.
12
Suppose 4*s + 4*b + 16 = 0, 2*s + s - 8 = 2*b. Suppose s = -5*m + 77 - 7. Suppose 0*d - m = -2*d. What is the highest common divisor of d and 28?
7
Let t be 1/(-2)*(4 + -9 + 1). Let k(g) = 9*g**2 + g. Let y be k(t). What is the highest common divisor of 19 and y?
19
Let k(r) = r**2 + 11*r + 24. Let h be k(-15). Let v = -620 - -627. Calculate the greatest common divisor of v and h.
7
Let v(j) = -j**2 - 3*j - 1. Let a be v(-2). Suppose 297*r - 1582 + 272 = 35*r. What is the highest common factor of a and r?
1
Suppose -1340*p + 2085*p = 93870. Let r(f) = f**3 + 8*f**2 + 6*f - 3. Let a be r(-5). What is the highest common factor of p and a?
42
Let g = 4 - 2. Let u = -70 - -213. Suppose -g*t + u = -81. What is the highest common divisor of t and 16?
16
Let f = 144 + 4. Suppose -f*h + 144*h + 168 = 0. What is the greatest common factor of 84 and h?
42
Let z(c) = 62*c + 531. Let r be z(8). Calculate the greatest common factor of 39 and r.
13
Suppose -5*a + 293 = -4*p, 0 = -5*a - 4*p - 0*p + 277. Let g = -17 + a. Let o be (4 + g/(-12))*15. Calculate the highest common factor of 5 and o.
5
Suppose 4*q + 7 = -5*c + 1, -3*c - 3*q = 6. Let l be 108/5 - c/(-5). Suppose -25*a = -l*a - 6. What is the greatest common divisor of 26 and a?
2
Suppose 4*c - 406 = 354. Let m = c + -164. Calculate the greatest common divisor of 130 and m.
26
Let d = -33669 - -33837. Let z be 2/5 - (-190)/25. What is the highest common factor of d and z?
8
Let t = 6895 - 3000. Calculate the greatest common divisor of t and 190.
95
Suppose i + 114 = 2*x + 2*i, 5*i = -20. Suppose -c + 5*o + 25 = 0, x = 3*c + 10*o - 9*o. Calculate the highest common divisor of 6 and c.
2
Suppose 3*m + 2*h = 1040, 4*h + 298 = 3*m - 754. What is the greatest common divisor of m and 5104?
116
Let i(t) = -710*t - 2614. Let n be i(-4). Calculate the highest common factor of 10 and n.
2
Suppose 0 = 3*z + 11*z - 238. Suppose -244 = -w + 2*b, -z*w = -12*w + 5*b - 1250. What is the highest common divisor of w and 93?
31
Suppose -28*l + 30322 = -41918. Calculate the highest common divisor of 1075 and l.
215
Let a(c) = 8*c + 134. Let o be a(-7). Suppose -o*h = -77*h - 105. What is the greatest common factor of h and 42?
21
Suppose -71*v + 84 = 70*v - 127*v. Calculate the highest common divisor of v and 1038.
6
Let t(y) = -9*y + 102. Let m be t(0). Suppose -3*q = -3*u + 693, 3*u + 2*q = m + 591. What is the highest common divisor of 66 and u?
33
Let j(v) = -2*v**3 - 12*v**2 - 110*v - 8. Let o be j(-12). Calculate the greatest common divisor of o and 133.
19
Let o(q) = 43*q**3 - 9*q**2 + 16*q + 12. Let l be o(2). What is the greatest common divisor of 22 and l?
22
Suppose 6718 - 4313 = 24*w - 7099. What is the highest common divisor of w and 36?
36
Suppose 0 = -3*h + 5*h + 16. Let b be -4 + 7 - (h + -1 + -1). Suppose -r - 4*r + x = -455, -4*x = 5*r - 455. What is the greatest common factor of b and r?
13
Suppose -10234 = 23*y - 256*y - 68*y. Calculate the greatest common divisor of 21709 and y.
17
Let f = -1127 + 1227. Suppose 2*q - 282 + 202 = 0. What is the greatest common divisor of q and f?
20
Let a(t) = t + 102. Let k be a(6). Suppose -28*z - k = -32*z. What is the greatest common factor of z and 15?
3
Suppose 0 = -3*k + 2*k - 6, -z = 5*k - 66. What is the greatest common divisor of z and 1504?
32
Let g be (86/(-6) + 5)/(-4 - (-2002)/507). What is the greatest common factor of g and 325?
13
Let j = 8460 - 8450. Calculate the highest common divisor of j and 5.
5
Let k = -5 + 5. Suppose 2*v - b + k*b - 11 = 0, 2*v = 3*b + 17. Let t = 157 + -105. Calculate the highest common factor of v and t.
4
Suppose -4*z = -2*z - 522. Suppose -m - 7*m - 232 = -12*m. What is the greatest common factor of z and m?
29
Suppose 4*x - 55 = -3*k, -3*x = 3*k - 5*k - 20. Let n = -1 + x. Let y = 2309 - 2237. What is the highest common divisor of n and y?
9
Let l be 6 - 414/63 - (-2616)/21. What is the highest common factor of 1922 and l?
62
Let b(u) = -2*u + 26. Let c be b(14). Let f be (-28 + c)/(-2) - (5 - 2). Calculate the greatest common factor of 96 and f.
12
Let m be ((-124)/93)/((3/882)/(-1)). What is the greatest common factor of 1848 and m?
56
Let y be (2 + (-5)/3)*(24 - -1083). What is the highest common divisor of 4182 and y?
123
Let g(a) = 2*a + 51. Let i(y) = 2*y + 51. Let f(m) = 6*g(m) - 5*i(m). Let h be f(-22). Let c = 110 + h. What is the highest common factor of c and 13?
13
Let d(n) = n**3 + 64*n**2 + 128*n + 312. Let c be d(-62). Calculate the highest common divisor of c and 464.
16
Suppose 4*d - 36 = 4*i, 0 = d - 2*i + 6 - 12. Let m = 5 - 5. Suppose j + 3*j - 384 = m. Calculate the greatest common factor of d and j.
12
Let q = -432 - -462. Suppose q*h + 18*h = 288. What is the greatest common divisor of h and 42?
6
Suppose 34*r - 77 = 59. Suppose -4*m = r, -m = 3*v - 5 - 57. Let u be 1323/(-36)*(-4 + 0). What is the highest common factor of u and v?
21
Suppose -2*d + 1325 = -2815. What is the highest common divisor of d and 20?
10
Suppose -3*p + 1042 + 947 = 0. Suppose 0 = -4*c + p + 329. What is the highest common divisor of c and 31?
31
Suppose 81*l - 2856 = 159*l - 84*l. Calculate the greatest common factor of l and 1204.
28
Suppose 13*r - 22 = 15*r. Let s(d) = -d**3 - 11*d**2 - 5*d - 11. Let n be s(r). Suppose 3*l = l + n. Calculate the greatest common factor of l and 110.
22
Let q(w) = -62 + 4*w + 35 - 6*w**2 + w**2 - 3*w**2 + w**3. Let u be q(8). What is the highest common divisor of u and 70?
5
Let p be 9/((-189)/70)*54/(-5). What is the greatest common factor of 8604 and p?
36
Let o = 69 + -67. Let x(l) = 2*l**o - 3*l**2 + 63*l - 25 - 49*l. Let g be x(10). Calculate the highest common factor of 6 and g.
3
Suppose -4*v + 194 = -0*v + 2*u, 4*u - 4 = 0. Suppose -18*g + 104 + 4 = 0. Suppose -g*l = 37*l - 2752. What is the greatest common factor of l and v?
16
Suppose 5*g + 29 - 74 = 0. Suppose -c + 3*l + 57 = 0, 2*l = -c - 2*l + 71. What is the greatest common factor of c and g?
9
Let i = -1359 - -1530. Let c = -16 - -35. Calculate the highest common divisor of c and i.
19
Suppose -432*k + 279 = -412*k - 121. What is the highest common divisor of 190 and k?
10
Let l be 36/(1/(56/(-21))). Let r be l/(-80)*30/3. Calculate the highest common factor of r and 444.
12
Suppose 3*h - 13539 = 2*l, -22*l + 18066 = 4*h - 20*l. What is the highest common divisor of 258 and h?
129
Let b be (-1017947)/(-279) - 12/(-27). What is the highest common factor of 41 and b?
41
Suppose -4*s - 1785 - 1927 = 0. Let g(j) = -3*j + 263. Let m be g(90). Let b be (s/14)/(-1) + 2/m. Calculate the highest common divisor of b and 99.
33
Suppose 2*m + n - 271 = -42, -2*m = -5*n - 223. Let a = 120 - m. Calculate the highest common divisor of 81 and a.
3
Suppose 635 = 6*m - 37. Suppose u - m = r, 4*u + 2*r = -u + 532. Calculate the greatest common divisor of u and 162.
54
Let q(w) = 35*w + 2389. Let y be q(-56). What is the greatest common divisor of y and 11440?
143
Let u(q) = 4*q**3 - 5*q**2 + 23*q + 4. Let x be u(3). What is the highest common divisor of 323 and x?
17
Let b(n) = n**2 + 35*n + 302. Let i be b(-23). Suppose -2*a = -10, 7*p + 2*a + 6 = 11*p. Calculate the greatest common factor of i and p.
2
Suppose 381 + 1329 = 10*n. Suppose 5*a + 4*h = 49, 40 = 5*a + 2*h - 7*h. What is the highest common divisor of a and n?
9
Let p(w) = w**2 - 128*w + 382. Let y be p(3). What is the highest common divisor of y and 343?
7
Let y = 47 - 41. Suppose 42 = 2*w + 5*w. Suppose -w = -4*x + 3*x. What is the greatest common divisor of x and y?
6
Let a be (-40)/60*(-15)/(-2). Let f(u) = -49*u - 101. Let p be f(a). Calculate the highest common factor of p 